{"id":134,"date":"2021-09-24T14:16:35","date_gmt":"2021-09-24T12:16:35","guid":{"rendered":"http:\/\/icidedansdehors.art\/?page_id=134"},"modified":"2022-05-23T17:24:09","modified_gmt":"2022-05-23T15:24:09","slug":"ca-deborde","status":"publish","type":"page","link":"https:\/\/icidedansdehors.art\/index.php\/nos-spectacles-2\/ca-deborde\/","title":{"rendered":"\u00c7a d\u00e9borde !"},"content":{"rendered":"\n<div class=\"wp-block-cover alignfull\" style=\"min-height:246px\"><img loading=\"lazy\" decoding=\"async\" width=\"1920\" height=\"1080\" class=\"wp-block-cover__image-background wp-image-396\" alt=\"\" src=\"http:\/\/icidedansdehors.art\/wp-content\/uploads\/2021\/10\/Nouveau-film-4-25.Film_Instantane.jpg\" style=\"object-position:50% 50%\" data-object-fit=\"cover\" data-object-position=\"50% 50%\" srcset=\"https:\/\/icidedansdehors.art\/wp-content\/uploads\/2021\/10\/Nouveau-film-4-25.Film_Instantane.jpg 1920w, https:\/\/icidedansdehors.art\/wp-content\/uploads\/2021\/10\/Nouveau-film-4-25.Film_Instantane-300x169.jpg 300w, https:\/\/icidedansdehors.art\/wp-content\/uploads\/2021\/10\/Nouveau-film-4-25.Film_Instantane-1024x576.jpg 1024w, https:\/\/icidedansdehors.art\/wp-content\/uploads\/2021\/10\/Nouveau-film-4-25.Film_Instantane-768x432.jpg 768w, https:\/\/icidedansdehors.art\/wp-content\/uploads\/2021\/10\/Nouveau-film-4-25.Film_Instantane-1536x864.jpg 1536w, https:\/\/icidedansdehors.art\/wp-content\/uploads\/2021\/10\/Nouveau-film-4-25.Film_Instantane-1200x675.jpg 1200w\" sizes=\"(max-width: 1920px) 100vw, 1920px\" \/><div class=\"wp-block-cover__inner-container is-layout-flow wp-block-cover-is-layout-flow\">\n<p class=\"has-text-align-right has-text-color\" style=\"color:#ffc115;font-size:45px\"><strong>\u00c7a d\u00e9borde !<\/strong><\/p>\n<\/div><\/div>\n\n\n\n<hr class=\"wp-block-separator has-text-color has-background has-white-background-color has-white-color\"\/>\n\n\n\n<p class=\"has-text-align-center has-medium-font-size\">Cr\u00e9ation 2019<\/p>\n\n\n\n<p class=\"has-text-align-center has-accent-color has-text-color has-medium-font-size\">Id\u00e9e originale &#8211;&nbsp;<strong>Jorge Lorca<\/strong><\/p>\n\n\n\n<p class=\"has-text-align-center has-accent-color has-text-color has-medium-font-size\">\u00c9criture<strong>&nbsp;&#8211; Corinne Chevalier<\/strong><\/p>\n\n\n\n<p class=\"has-text-align-center has-accent-color has-text-color has-medium-font-size\">Mise en sc\u00e8ne &#8211;&nbsp;<strong>Corinne Chevalier et Jorge Lorca<\/strong><\/p>\n\n\n\n<p class=\"has-text-align-center has-accent-color has-text-color has-medium-font-size\">Cr\u00e9ation sonore&nbsp;<strong>&#8211; Jorge Lorca<\/strong><\/p>\n\n\n\n<p class=\"has-text-align-center has-accent-color has-text-color has-medium-font-size\">Cr\u00e9ation musicale&nbsp;<strong>&#8211;&nbsp;Patricio Negron et Thibault Heineken<\/strong><\/p>\n\n\n\n<p class=\"has-text-align-center has-accent-color has-text-color has-medium-font-size\">Prises de vue<strong>&nbsp;&#8211; Albert Huynh Phuong<\/strong><\/p>\n\n\n\n<p class=\"has-text-align-center has-accent-color has-text-color has-medium-font-size\">Avec&nbsp;<strong>Manon Barth\u00e9l\u00e9my &#8211; Ga\u00eblle Bourgeois &#8211; Corinne Chevalier &#8211; Kaddour Dorgham &#8211; Jorge Lorca&nbsp;<\/strong><\/p>\n\n\n\n<p class=\"has-text-align-center has-medium-font-size\">Commanditaire initial &#8211; Conseil citoyen du quartier de la Saulaie<\/p>\n\n\n\n<p class=\"has-text-align-center has-medium-font-size\">Spectacle Dehors<\/p>\n\n\n\n<hr class=\"wp-block-separator has-text-color has-background has-white-background-color has-white-color\"\/>\n\n\n\n<hr class=\"wp-block-separator alignwide has-text-color has-background has-white-background-color has-white-color\"\/>\n\n\n\n<p class=\"has-text-align-center\" style=\"font-size:20px\">Un homme se retrouve perch\u00e9 dans un arbre \u00e0 1200 km de chez lui, une tonne de d\u00e9chet \u00e0 ses pieds. Des habitants catastroph\u00e9s, un quartier en \u00e9bullition. Une journaliste de Canal International qui couvre l\u2019\u00e9v\u00e8nement. Un fleuve qui aurait recrach\u00e9 tous les d\u00e9chets qu\u2019on lui aurait balanc\u00e9. Des d\u00e9chets, des d\u00e9chets, encore des d\u00e9chets.<\/p>\n\n\n\n<p class=\"has-text-align-center\" style=\"font-size:20px\"><strong>\u00c7a d\u00e9borde !&nbsp;<\/strong>est un spectacle th\u00e9\u00e2tral qui s\u2019inscrit dans l\u2019espace urbain et se nourrit des paroles d\u2019habitants des &nbsp;quartiers populaires. Il r\u00e9habite un lieu pour r\u00e9-inventer les histoires de chacun, nous questionner et bousculer nos id\u00e9es re\u00e7ues. Les langues se d\u00e9lient, les points de vue et les col\u00e8res s\u2019expriment.<\/p>\n\n\n\n<p class=\"has-text-align-center\" style=\"font-size:20px\"><strong>\u00c7a d\u00e9borde !<\/strong>&nbsp;c\u2019est l\u2019histoire un peu folle d\u2019un \u00e9v\u00e8nement climatique insens\u00e9 : Une vague gigantesque, un tsunami m\u00e9diterran\u00e9en qui aurait soulev\u00e9 les d\u00e9chets enfouis du fond de l\u2019oc\u00e9an sur la terre ferme et les aurait&nbsp;d\u00e9pos\u00e9 au beau milieu de la terre et du goudron des hommes.&nbsp;Une histoire de th\u00e9\u00e2tre qui r\u00e9sonne dans nos r\u00e9alit\u00e9s quotidiennes faisant appel \u00e0 notre sens de la coh\u00e9sion.<\/p>\n\n\n\n<p style=\"font-size:1px\"><\/p>\n\n\n\n<hr class=\"wp-block-separator has-text-color has-background has-white-background-color has-white-color\"\/>\n\n\n\n<hr class=\"wp-block-separator has-text-color has-background has-white-background-color has-white-color\"\/>\n\n\n\n<div class=\"wp-block-columns alignfull is-layout-flex wp-container-core-columns-layout-1 wp-block-columns-is-layout-flex\">\n<div class=\"wp-block-column is-layout-flow wp-block-column-is-layout-flow\">\n<figure class=\"wp-block-image size-large is-resized is-style-default\"><img loading=\"lazy\" decoding=\"async\" src=\"http:\/\/icidedansdehors.art\/wp-content\/uploads\/2021\/10\/Montage-3-Final-Ca-deborde-36.Movie_Instantane-1024x576.jpg\" alt=\"\" class=\"wp-image-390\" width=\"596\" height=\"335\" srcset=\"https:\/\/icidedansdehors.art\/wp-content\/uploads\/2021\/10\/Montage-3-Final-Ca-deborde-36.Movie_Instantane-1024x576.jpg 1024w, https:\/\/icidedansdehors.art\/wp-content\/uploads\/2021\/10\/Montage-3-Final-Ca-deborde-36.Movie_Instantane-300x169.jpg 300w, https:\/\/icidedansdehors.art\/wp-content\/uploads\/2021\/10\/Montage-3-Final-Ca-deborde-36.Movie_Instantane-768x432.jpg 768w, https:\/\/icidedansdehors.art\/wp-content\/uploads\/2021\/10\/Montage-3-Final-Ca-deborde-36.Movie_Instantane-1536x864.jpg 1536w, https:\/\/icidedansdehors.art\/wp-content\/uploads\/2021\/10\/Montage-3-Final-Ca-deborde-36.Movie_Instantane-1200x675.jpg 1200w, https:\/\/icidedansdehors.art\/wp-content\/uploads\/2021\/10\/Montage-3-Final-Ca-deborde-36.Movie_Instantane.jpg 1920w\" sizes=\"(max-width: 596px) 100vw, 596px\" \/><\/figure>\n<\/div>\n\n\n\n<div class=\"wp-block-column is-layout-flow wp-block-column-is-layout-flow\">\n<figure class=\"wp-block-image size-large is-resized is-style-default\"><img loading=\"lazy\" decoding=\"async\" src=\"http:\/\/icidedansdehors.art\/wp-content\/uploads\/2021\/10\/Nouveau-film-4-18.Film_Instantane-1024x576.jpg\" alt=\"\" class=\"wp-image-394\" width=\"597\" height=\"335\" srcset=\"https:\/\/icidedansdehors.art\/wp-content\/uploads\/2021\/10\/Nouveau-film-4-18.Film_Instantane-1024x576.jpg 1024w, https:\/\/icidedansdehors.art\/wp-content\/uploads\/2021\/10\/Nouveau-film-4-18.Film_Instantane-300x169.jpg 300w, https:\/\/icidedansdehors.art\/wp-content\/uploads\/2021\/10\/Nouveau-film-4-18.Film_Instantane-768x432.jpg 768w, https:\/\/icidedansdehors.art\/wp-content\/uploads\/2021\/10\/Nouveau-film-4-18.Film_Instantane-1536x864.jpg 1536w, https:\/\/icidedansdehors.art\/wp-content\/uploads\/2021\/10\/Nouveau-film-4-18.Film_Instantane-1200x675.jpg 1200w, https:\/\/icidedansdehors.art\/wp-content\/uploads\/2021\/10\/Nouveau-film-4-18.Film_Instantane.jpg 1920w\" sizes=\"(max-width: 597px) 100vw, 597px\" \/><\/figure>\n<\/div>\n<\/div>\n\n\n\n<div class=\"wp-block-buttons is-content-justification-center is-layout-flex wp-block-buttons-is-layout-flex\">\n<div class=\"wp-block-button has-custom-font-size has-medium-font-size\"><a class=\"wp-block-button__link has-vivid-red-background-color has-background\" href=\"http:\/\/icidedansdehors.art\/wp-content\/uploads\/2021\/11\/Copie-de-Ca-deborde-.pdf\" target=\"_blank\" rel=\"noreferrer noopener\">LE DOSSIER<\/a><\/div>\n<\/div>\n\n\n\n<hr class=\"wp-block-separator has-text-color has-background has-white-background-color has-white-color\"\/>\n\n\n\n<hr class=\"wp-block-separator has-text-color has-background has-white-background-color has-white-color\"\/>\n\n\n\n<div class=\"wp-block-columns is-layout-flex wp-container-core-columns-layout-2 wp-block-columns-is-layout-flex\">\n<div class=\"wp-block-column is-vertically-aligned-center is-layout-flow wp-block-column-is-layout-flow\" style=\"flex-basis:33.34%\">\n<p class=\"has-medium-font-size\">Nos partenaires financiers sur ce projet : <\/p>\n<\/div>\n\n\n\n<div class=\"wp-block-column is-vertically-aligned-bottom is-layout-flow wp-block-column-is-layout-flow\" style=\"flex-basis:33.34%\">\n<figure class=\"wp-block-image size-full is-resized is-style-default\"><img loading=\"lazy\" decoding=\"async\" src=\"http:\/\/icidedansdehors.art\/wp-content\/uploads\/2021\/11\/logo_cget_texte.png\" alt=\"\" class=\"wp-image-1317\" width=\"154\" height=\"142\" srcset=\"https:\/\/icidedansdehors.art\/wp-content\/uploads\/2021\/11\/logo_cget_texte.png 617w, https:\/\/icidedansdehors.art\/wp-content\/uploads\/2021\/11\/logo_cget_texte-300x277.png 300w\" sizes=\"(max-width: 154px) 100vw, 154px\" \/><\/figure>\n<\/div>\n\n\n\n<div class=\"wp-block-column is-vertically-aligned-center is-layout-flow wp-block-column-is-layout-flow\" style=\"flex-basis:33.33%\">\n<figure class=\"wp-block-image size-full is-resized is-style-default\"><img loading=\"lazy\" decoding=\"async\" src=\"http:\/\/icidedansdehors.art\/wp-content\/uploads\/2021\/11\/logo-lyon-metropole-habitat.jpg\" alt=\"\" class=\"wp-image-1318\" width=\"225\" height=\"200\" srcset=\"https:\/\/icidedansdehors.art\/wp-content\/uploads\/2021\/11\/logo-lyon-metropole-habitat.jpg 900w, https:\/\/icidedansdehors.art\/wp-content\/uploads\/2021\/11\/logo-lyon-metropole-habitat-300x267.jpg 300w, https:\/\/icidedansdehors.art\/wp-content\/uploads\/2021\/11\/logo-lyon-metropole-habitat-768x683.jpg 768w\" sizes=\"(max-width: 225px) 100vw, 225px\" \/><\/figure>\n<\/div>\n<\/div>\n","protected":false},"excerpt":{"rendered":"<p>Cr\u00e9ation 2019 Id\u00e9e originale &#8211;&nbsp;Jorge Lorca \u00c9criture&nbsp;&#8211; Corinne Chevalier Mise en sc\u00e8ne &#8211;&nbsp;Corinne Chevalier et Jorge Lorca Cr\u00e9ation sonore&nbsp;&#8211; Jorge Lorca Cr\u00e9ation musicale&nbsp;&#8211;&nbsp;Patricio Negron et Thibault Heineken Prises de vue&nbsp;&#8211; Albert Huynh Phuong Avec&nbsp;Manon Barth\u00e9l\u00e9my &#8211; Ga\u00eblle Bourgeois &#8211; Corinne Chevalier &#8211; Kaddour Dorgham &#8211; Jorge Lorca&nbsp; Commanditaire initial &#8211; Conseil citoyen du quartier de [&hellip;]<\/p>\n","protected":false},"author":1,"featured_media":0,"parent":369,"menu_order":5,"comment_status":"closed","ping_status":"closed","template":"","meta":{"ocean_post_layout":"","ocean_both_sidebars_style":"","ocean_both_sidebars_content_width":0,"ocean_both_sidebars_sidebars_width":0,"ocean_sidebar":"0","ocean_second_sidebar":"0","ocean_disable_margins":"enable","ocean_add_body_class":"","ocean_shortcode_before_top_bar":"","ocean_shortcode_after_top_bar":"","ocean_shortcode_before_header":"","ocean_shortcode_after_header":"","ocean_has_shortcode":"","ocean_shortcode_after_title":"","ocean_shortcode_before_footer_widgets":"","ocean_shortcode_after_footer_widgets":"","ocean_shortcode_before_footer_bottom":"","ocean_shortcode_after_footer_bottom":"","ocean_display_top_bar":"default","ocean_display_header":"default","ocean_header_style":"","ocean_center_header_left_menu":"0","ocean_custom_header_template":"0","ocean_custom_logo":0,"ocean_custom_retina_logo":0,"ocean_custom_logo_max_width":0,"ocean_custom_logo_tablet_max_width":0,"ocean_custom_logo_mobile_max_width":0,"ocean_custom_logo_max_height":0,"ocean_custom_logo_tablet_max_height":0,"ocean_custom_logo_mobile_max_height":0,"ocean_header_custom_menu":"0","ocean_menu_typo_font_family":"0","ocean_menu_typo_font_subset":"","ocean_menu_typo_font_size":0,"ocean_menu_typo_font_size_tablet":0,"ocean_menu_typo_font_size_mobile":0,"ocean_menu_typo_font_size_unit":"px","ocean_menu_typo_font_weight":"","ocean_menu_typo_font_weight_tablet":"","ocean_menu_typo_font_weight_mobile":"","ocean_menu_typo_transform":"","ocean_menu_typo_transform_tablet":"","ocean_menu_typo_transform_mobile":"","ocean_menu_typo_line_height":0,"ocean_menu_typo_line_height_tablet":0,"ocean_menu_typo_line_height_mobile":0,"ocean_menu_typo_line_height_unit":"","ocean_menu_typo_spacing":0,"ocean_menu_typo_spacing_tablet":0,"ocean_menu_typo_spacing_mobile":0,"ocean_menu_typo_spacing_unit":"","ocean_menu_link_color":"","ocean_menu_link_color_hover":"","ocean_menu_link_color_active":"","ocean_menu_link_background":"","ocean_menu_link_hover_background":"","ocean_menu_link_active_background":"","ocean_menu_social_links_bg":"","ocean_menu_social_hover_links_bg":"","ocean_menu_social_links_color":"","ocean_menu_social_hover_links_color":"","ocean_disable_title":"on","ocean_disable_heading":"default","ocean_post_title":"","ocean_post_subheading":"","ocean_post_title_style":"","ocean_post_title_background_color":"","ocean_post_title_background":0,"ocean_post_title_bg_image_position":"","ocean_post_title_bg_image_attachment":"","ocean_post_title_bg_image_repeat":"","ocean_post_title_bg_image_size":"","ocean_post_title_height":0,"ocean_post_title_bg_overlay":0.5,"ocean_post_title_bg_overlay_color":"","ocean_disable_breadcrumbs":"default","ocean_breadcrumbs_color":"","ocean_breadcrumbs_separator_color":"","ocean_breadcrumbs_links_color":"","ocean_breadcrumbs_links_hover_color":"","ocean_display_footer_widgets":"default","ocean_display_footer_bottom":"default","ocean_custom_footer_template":"0","footnotes":""},"yoast_head":"<!-- This site is optimized with the Yoast SEO plugin v23.5 - https:\/\/yoast.com\/wordpress\/plugins\/seo\/ -->\n<title>\u00c7a d\u00e9borde ! - ICI DEDANS DEHORS ZONE DE TURBULENCE - th\u00e9\u00e2tre indisciplin\u00e9<\/title>\n<meta name=\"robots\" content=\"index, follow, max-snippet:-1, max-image-preview:large, max-video-preview:-1\" \/>\n<link rel=\"canonical\" href=\"https:\/\/icidedansdehors.art\/index.php\/nos-spectacles-2\/ca-deborde\/\" \/>\n<meta property=\"og:locale\" content=\"fr_FR\" \/>\n<meta property=\"og:type\" content=\"article\" \/>\n<meta property=\"og:title\" content=\"\u00c7a d\u00e9borde ! - ICI DEDANS DEHORS ZONE DE TURBULENCE - th\u00e9\u00e2tre indisciplin\u00e9\" \/>\n<meta property=\"og:description\" content=\"Cr\u00e9ation 2019 Id\u00e9e originale &#8211;&nbsp;Jorge Lorca \u00c9criture&nbsp;&#8211; Corinne Chevalier Mise en sc\u00e8ne &#8211;&nbsp;Corinne Chevalier et Jorge Lorca Cr\u00e9ation sonore&nbsp;&#8211; Jorge Lorca Cr\u00e9ation musicale&nbsp;&#8211;&nbsp;Patricio Negron et Thibault Heineken Prises de vue&nbsp;&#8211; Albert Huynh Phuong Avec&nbsp;Manon Barth\u00e9l\u00e9my &#8211; Ga\u00eblle Bourgeois &#8211; Corinne Chevalier &#8211; Kaddour Dorgham &#8211; Jorge Lorca&nbsp; Commanditaire initial &#8211; Conseil citoyen du quartier de [&hellip;]\" \/>\n<meta property=\"og:url\" content=\"https:\/\/icidedansdehors.art\/index.php\/nos-spectacles-2\/ca-deborde\/\" \/>\n<meta property=\"og:site_name\" content=\"ICI DEDANS DEHORS ZONE DE TURBULENCE - th\u00e9\u00e2tre indisciplin\u00e9\" \/>\n<meta property=\"article:publisher\" content=\"https:\/\/www.facebook.com\/pleins.feux.5\" \/>\n<meta property=\"article:modified_time\" content=\"2022-05-23T15:24:09+00:00\" \/>\n<meta property=\"og:image\" content=\"http:\/\/icidedansdehors.art\/wp-content\/uploads\/2021\/10\/Nouveau-film-4-25.Film_Instantane.jpg\" \/>\n<meta name=\"twitter:card\" content=\"summary_large_image\" \/>\n<meta name=\"twitter:label1\" content=\"Dur\u00e9e de lecture estim\u00e9e\" \/>\n\t<meta name=\"twitter:data1\" content=\"2 minutes\" \/>\n<script type=\"application\/ld+json\" class=\"yoast-schema-graph\">{\"@context\":\"https:\/\/schema.org\",\"@graph\":[{\"@type\":\"WebPage\",\"@id\":\"https:\/\/icidedansdehors.art\/index.php\/nos-spectacles-2\/ca-deborde\/\",\"url\":\"https:\/\/icidedansdehors.art\/index.php\/nos-spectacles-2\/ca-deborde\/\",\"name\":\"\u00c7a d\u00e9borde ! - ICI DEDANS DEHORS ZONE DE TURBULENCE - th\u00e9\u00e2tre indisciplin\u00e9\",\"isPartOf\":{\"@id\":\"https:\/\/icidedansdehors.art\/#website\"},\"primaryImageOfPage\":{\"@id\":\"https:\/\/icidedansdehors.art\/index.php\/nos-spectacles-2\/ca-deborde\/#primaryimage\"},\"image\":{\"@id\":\"https:\/\/icidedansdehors.art\/index.php\/nos-spectacles-2\/ca-deborde\/#primaryimage\"},\"thumbnailUrl\":\"http:\/\/icidedansdehors.art\/wp-content\/uploads\/2021\/10\/Nouveau-film-4-25.Film_Instantane.jpg\",\"datePublished\":\"2021-09-24T12:16:35+00:00\",\"dateModified\":\"2022-05-23T15:24:09+00:00\",\"breadcrumb\":{\"@id\":\"https:\/\/icidedansdehors.art\/index.php\/nos-spectacles-2\/ca-deborde\/#breadcrumb\"},\"inLanguage\":\"fr-FR\",\"potentialAction\":[{\"@type\":\"ReadAction\",\"target\":[\"https:\/\/icidedansdehors.art\/index.php\/nos-spectacles-2\/ca-deborde\/\"]}]},{\"@type\":\"ImageObject\",\"inLanguage\":\"fr-FR\",\"@id\":\"https:\/\/icidedansdehors.art\/index.php\/nos-spectacles-2\/ca-deborde\/#primaryimage\",\"url\":\"https:\/\/icidedansdehors.art\/wp-content\/uploads\/2021\/10\/Nouveau-film-4-25.Film_Instantane.jpg\",\"contentUrl\":\"https:\/\/icidedansdehors.art\/wp-content\/uploads\/2021\/10\/Nouveau-film-4-25.Film_Instantane.jpg\",\"width\":1920,\"height\":1080,\"caption\":\"\u00c7a d\u00e9borde !\"},{\"@type\":\"BreadcrumbList\",\"@id\":\"https:\/\/icidedansdehors.art\/index.php\/nos-spectacles-2\/ca-deborde\/#breadcrumb\",\"itemListElement\":[{\"@type\":\"ListItem\",\"position\":1,\"name\":\"Accueil\",\"item\":\"https:\/\/icidedansdehors.art\/\"},{\"@type\":\"ListItem\",\"position\":2,\"name\":\"Nos spectacles\",\"item\":\"https:\/\/icidedansdehors.art\/index.php\/nos-spectacles-2\/\"},{\"@type\":\"ListItem\",\"position\":3,\"name\":\"\u00c7a d\u00e9borde !\"}]},{\"@type\":\"WebSite\",\"@id\":\"https:\/\/icidedansdehors.art\/#website\",\"url\":\"https:\/\/icidedansdehors.art\/\",\"name\":\"ICI DEDANS DEHORS ZONE DE TURBULENCE - th\u00e9\u00e2tre indisciplin\u00e9\",\"description\":\"Compagnie de th\u00e9\u00e2tre indisciplin\u00e9e\",\"publisher\":{\"@id\":\"https:\/\/icidedansdehors.art\/#organization\"},\"potentialAction\":[{\"@type\":\"SearchAction\",\"target\":{\"@type\":\"EntryPoint\",\"urlTemplate\":\"https:\/\/icidedansdehors.art\/?s={search_term_string}\"},\"query-input\":{\"@type\":\"PropertyValueSpecification\",\"valueRequired\":true,\"valueName\":\"search_term_string\"}}],\"inLanguage\":\"fr-FR\"},{\"@type\":\"Organization\",\"@id\":\"https:\/\/icidedansdehors.art\/#organization\",\"name\":\"ICI DEDANS DEHORS ZONE DE TURBULENCE - th\u00e9\u00e2tre indisciplin\u00e9\",\"url\":\"https:\/\/icidedansdehors.art\/\",\"logo\":{\"@type\":\"ImageObject\",\"inLanguage\":\"fr-FR\",\"@id\":\"https:\/\/icidedansdehors.art\/#\/schema\/logo\/image\/\",\"url\":\"https:\/\/icidedansdehors.art\/wp-content\/uploads\/2023\/01\/cropped-Logo-IDDZT-2023-scaled-2.jpg\",\"contentUrl\":\"https:\/\/icidedansdehors.art\/wp-content\/uploads\/2023\/01\/cropped-Logo-IDDZT-2023-scaled-2.jpg\",\"width\":2219,\"height\":1478,\"caption\":\"ICI DEDANS DEHORS ZONE DE TURBULENCE - th\u00e9\u00e2tre indisciplin\u00e9\"},\"image\":{\"@id\":\"https:\/\/icidedansdehors.art\/#\/schema\/logo\/image\/\"},\"sameAs\":[\"https:\/\/www.facebook.com\/pleins.feux.5\"]}]}<\/script>\n<!-- \/ Yoast SEO plugin. -->","yoast_head_json":{"title":"\u00c7a d\u00e9borde ! - ICI DEDANS DEHORS ZONE DE TURBULENCE - th\u00e9\u00e2tre indisciplin\u00e9","robots":{"index":"index","follow":"follow","max-snippet":"max-snippet:-1","max-image-preview":"max-image-preview:large","max-video-preview":"max-video-preview:-1"},"canonical":"https:\/\/icidedansdehors.art\/index.php\/nos-spectacles-2\/ca-deborde\/","og_locale":"fr_FR","og_type":"article","og_title":"\u00c7a d\u00e9borde ! - ICI DEDANS DEHORS ZONE DE TURBULENCE - th\u00e9\u00e2tre indisciplin\u00e9","og_description":"Cr\u00e9ation 2019 Id\u00e9e originale &#8211;&nbsp;Jorge Lorca \u00c9criture&nbsp;&#8211; Corinne Chevalier Mise en sc\u00e8ne &#8211;&nbsp;Corinne Chevalier et Jorge Lorca Cr\u00e9ation sonore&nbsp;&#8211; Jorge Lorca Cr\u00e9ation musicale&nbsp;&#8211;&nbsp;Patricio Negron et Thibault Heineken Prises de vue&nbsp;&#8211; Albert Huynh Phuong Avec&nbsp;Manon Barth\u00e9l\u00e9my &#8211; Ga\u00eblle Bourgeois &#8211; Corinne Chevalier &#8211; Kaddour Dorgham &#8211; Jorge Lorca&nbsp; Commanditaire initial &#8211; Conseil citoyen du quartier de [&hellip;]","og_url":"https:\/\/icidedansdehors.art\/index.php\/nos-spectacles-2\/ca-deborde\/","og_site_name":"ICI DEDANS DEHORS ZONE DE TURBULENCE - th\u00e9\u00e2tre indisciplin\u00e9","article_publisher":"https:\/\/www.facebook.com\/pleins.feux.5","article_modified_time":"2022-05-23T15:24:09+00:00","og_image":[{"url":"http:\/\/icidedansdehors.art\/wp-content\/uploads\/2021\/10\/Nouveau-film-4-25.Film_Instantane.jpg"}],"twitter_card":"summary_large_image","twitter_misc":{"Dur\u00e9e de lecture estim\u00e9e":"2 minutes"},"schema":{"@context":"https:\/\/schema.org","@graph":[{"@type":"WebPage","@id":"https:\/\/icidedansdehors.art\/index.php\/nos-spectacles-2\/ca-deborde\/","url":"https:\/\/icidedansdehors.art\/index.php\/nos-spectacles-2\/ca-deborde\/","name":"\u00c7a d\u00e9borde ! - ICI DEDANS DEHORS ZONE DE TURBULENCE - th\u00e9\u00e2tre indisciplin\u00e9","isPartOf":{"@id":"https:\/\/icidedansdehors.art\/#website"},"primaryImageOfPage":{"@id":"https:\/\/icidedansdehors.art\/index.php\/nos-spectacles-2\/ca-deborde\/#primaryimage"},"image":{"@id":"https:\/\/icidedansdehors.art\/index.php\/nos-spectacles-2\/ca-deborde\/#primaryimage"},"thumbnailUrl":"http:\/\/icidedansdehors.art\/wp-content\/uploads\/2021\/10\/Nouveau-film-4-25.Film_Instantane.jpg","datePublished":"2021-09-24T12:16:35+00:00","dateModified":"2022-05-23T15:24:09+00:00","breadcrumb":{"@id":"https:\/\/icidedansdehors.art\/index.php\/nos-spectacles-2\/ca-deborde\/#breadcrumb"},"inLanguage":"fr-FR","potentialAction":[{"@type":"ReadAction","target":["https:\/\/icidedansdehors.art\/index.php\/nos-spectacles-2\/ca-deborde\/"]}]},{"@type":"ImageObject","inLanguage":"fr-FR","@id":"https:\/\/icidedansdehors.art\/index.php\/nos-spectacles-2\/ca-deborde\/#primaryimage","url":"https:\/\/icidedansdehors.art\/wp-content\/uploads\/2021\/10\/Nouveau-film-4-25.Film_Instantane.jpg","contentUrl":"https:\/\/icidedansdehors.art\/wp-content\/uploads\/2021\/10\/Nouveau-film-4-25.Film_Instantane.jpg","width":1920,"height":1080,"caption":"\u00c7a d\u00e9borde !"},{"@type":"BreadcrumbList","@id":"https:\/\/icidedansdehors.art\/index.php\/nos-spectacles-2\/ca-deborde\/#breadcrumb","itemListElement":[{"@type":"ListItem","position":1,"name":"Accueil","item":"https:\/\/icidedansdehors.art\/"},{"@type":"ListItem","position":2,"name":"Nos spectacles","item":"https:\/\/icidedansdehors.art\/index.php\/nos-spectacles-2\/"},{"@type":"ListItem","position":3,"name":"\u00c7a d\u00e9borde !"}]},{"@type":"WebSite","@id":"https:\/\/icidedansdehors.art\/#website","url":"https:\/\/icidedansdehors.art\/","name":"ICI DEDANS DEHORS ZONE DE TURBULENCE - th\u00e9\u00e2tre indisciplin\u00e9","description":"Compagnie de th\u00e9\u00e2tre indisciplin\u00e9e","publisher":{"@id":"https:\/\/icidedansdehors.art\/#organization"},"potentialAction":[{"@type":"SearchAction","target":{"@type":"EntryPoint","urlTemplate":"https:\/\/icidedansdehors.art\/?s={search_term_string}"},"query-input":{"@type":"PropertyValueSpecification","valueRequired":true,"valueName":"search_term_string"}}],"inLanguage":"fr-FR"},{"@type":"Organization","@id":"https:\/\/icidedansdehors.art\/#organization","name":"ICI DEDANS DEHORS ZONE DE TURBULENCE - th\u00e9\u00e2tre indisciplin\u00e9","url":"https:\/\/icidedansdehors.art\/","logo":{"@type":"ImageObject","inLanguage":"fr-FR","@id":"https:\/\/icidedansdehors.art\/#\/schema\/logo\/image\/","url":"https:\/\/icidedansdehors.art\/wp-content\/uploads\/2023\/01\/cropped-Logo-IDDZT-2023-scaled-2.jpg","contentUrl":"https:\/\/icidedansdehors.art\/wp-content\/uploads\/2023\/01\/cropped-Logo-IDDZT-2023-scaled-2.jpg","width":2219,"height":1478,"caption":"ICI DEDANS DEHORS ZONE DE TURBULENCE - th\u00e9\u00e2tre indisciplin\u00e9"},"image":{"@id":"https:\/\/icidedansdehors.art\/#\/schema\/logo\/image\/"},"sameAs":["https:\/\/www.facebook.com\/pleins.feux.5"]}]}},"_links":{"self":[{"href":"https:\/\/icidedansdehors.art\/index.php\/wp-json\/wp\/v2\/pages\/134"}],"collection":[{"href":"https:\/\/icidedansdehors.art\/index.php\/wp-json\/wp\/v2\/pages"}],"about":[{"href":"https:\/\/icidedansdehors.art\/index.php\/wp-json\/wp\/v2\/types\/page"}],"author":[{"embeddable":true,"href":"https:\/\/icidedansdehors.art\/index.php\/wp-json\/wp\/v2\/users\/1"}],"replies":[{"embeddable":true,"href":"https:\/\/icidedansdehors.art\/index.php\/wp-json\/wp\/v2\/comments?post=134"}],"version-history":[{"count":20,"href":"https:\/\/icidedansdehors.art\/index.php\/wp-json\/wp\/v2\/pages\/134\/revisions"}],"predecessor-version":[{"id":1507,"href":"https:\/\/icidedansdehors.art\/index.php\/wp-json\/wp\/v2\/pages\/134\/revisions\/1507"}],"up":[{"embeddable":true,"href":"https:\/\/icidedansdehors.art\/index.php\/wp-json\/wp\/v2\/pages\/369"}],"wp:attachment":[{"href":"https:\/\/icidedansdehors.art\/index.php\/wp-json\/wp\/v2\/media?parent=134"}],"curies":[{"name":"wp","href":"https:\/\/api.w.org\/{rel}","templated":true}]}}