{"id":156,"date":"2021-09-24T14:38:55","date_gmt":"2021-09-24T12:38:55","guid":{"rendered":"http:\/\/icidedansdehors.art\/?page_id=156"},"modified":"2023-02-23T23:47:13","modified_gmt":"2023-02-23T22:47:13","slug":"incidences","status":"publish","type":"page","link":"https:\/\/icidedansdehors.art\/index.php\/incidences\/","title":{"rendered":"Incidences"},"content":{"rendered":"\n<div class=\"wp-block-cover alignfull\" style=\"min-height:275px\"><span aria-hidden=\"true\" class=\"wp-block-cover__background has-background-dim-20 has-background-dim\"><\/span><img loading=\"lazy\" decoding=\"async\" width=\"900\" height=\"675\" class=\"wp-block-cover__image-background wp-image-1471\" alt=\"\" src=\"https:\/\/icidedansdehors.art\/wp-content\/uploads\/2022\/05\/2022-03-01-10-28-00_08....multimediaarticles2022021715521203ThameurMejriTheEyeoftheBeholder2020-1.jpg\" style=\"object-position:32% 81%\" data-object-fit=\"cover\" data-object-position=\"32% 81%\" srcset=\"https:\/\/icidedansdehors.art\/wp-content\/uploads\/2022\/05\/2022-03-01-10-28-00_08....multimediaarticles2022021715521203ThameurMejriTheEyeoftheBeholder2020-1.jpg 900w, https:\/\/icidedansdehors.art\/wp-content\/uploads\/2022\/05\/2022-03-01-10-28-00_08....multimediaarticles2022021715521203ThameurMejriTheEyeoftheBeholder2020-1-300x225.jpg 300w, https:\/\/icidedansdehors.art\/wp-content\/uploads\/2022\/05\/2022-03-01-10-28-00_08....multimediaarticles2022021715521203ThameurMejriTheEyeoftheBeholder2020-1-768x576.jpg 768w\" sizes=\"(max-width: 900px) 100vw, 900px\" \/><div class=\"wp-block-cover__inner-container is-layout-flow wp-block-cover-is-layout-flow\">\n<p class=\"has-text-align-center has-white-color has-text-color has-large-font-size\">Incidences<\/p>\n<\/div><\/div>\n\n\n\n<p class=\"has-text-align-center has-medium-font-size\"><strong>Cr\u00e9ation 2023<\/strong><\/p>\n\n\n\n<div class=\"wp-block-columns is-layout-flex wp-container-core-columns-layout-1 wp-block-columns-is-layout-flex\">\n<div class=\"wp-block-column is-layout-flow wp-block-column-is-layout-flow\">\n<figure class=\"wp-block-video\"><video controls src=\"https:\/\/icidedansdehors.art\/wp-content\/uploads\/2023\/02\/Labo-Incidences.mkv\"><\/video><figcaption class=\"wp-element-caption\">Incidences<\/figcaption><\/figure>\n<\/div>\n\n\n\n<div class=\"wp-block-column is-layout-flow wp-block-column-is-layout-flow\">\n<p class=\"has-text-align-center has-accent-color has-text-color has-medium-font-size\">Autrice et Mise en sc\u00e8ne &#8211; <strong>Corinne Chevalier<\/strong><\/p>\n\n\n\n<p class=\"has-text-align-center has-medium-font-size\">Auteur, Dramaturge, Philosophe &#8211; <strong>Pierre Fournier<\/strong><\/p>\n\n\n\n<p class=\"has-text-align-center has-medium-font-size\">Coordinateur &#8211; <strong>Jorge Lorca<\/strong><\/p>\n\n\n\n<p class=\"has-text-align-center\" style=\"font-size:18px\">Distribution en cours<\/p>\n\n\n\n<p class=\"has-text-align-center has-medium-font-size\"><em>Spectacle du Dedans<\/em><\/p>\n<\/div>\n\n\n\n<div class=\"wp-block-column is-layout-flow wp-block-column-is-layout-flow\">\n<figure class=\"wp-block-embed is-type-video is-provider-youtube wp-block-embed-youtube wp-embed-aspect-16-9 wp-has-aspect-ratio\"><div class=\"wp-block-embed__wrapper\">\n<p class=\"responsive-video-wrap clr\"><iframe loading=\"lazy\" title=\"Th\u00e9\u00e2tre, Laboratoire et recherche, exp\u00e9rimentation th\u00e9\u00e2trale: Spectacle Incidences 2023\" width=\"1200\" height=\"675\" src=\"https:\/\/www.youtube.com\/embed\/gjtfOkD7Tq0?feature=oembed\" frameborder=\"0\" allow=\"accelerometer; autoplay; clipboard-write; encrypted-media; gyroscope; picture-in-picture; web-share\" allowfullscreen><\/iframe><\/p>\n<\/div><figcaption class=\"wp-element-caption\">Incidences sur Youtube<\/figcaption><\/figure>\n<\/div>\n<\/div>\n\n\n\n<p><\/p>\n\n\n\n<hr class=\"wp-block-separator has-text-color has-white-color has-css-opacity has-white-background-color has-background\"\/>\n\n\n\n<p><strong>En juin 2022, un premier laboratoire d&rsquo;exp\u00e9rimentation et de rencontre pluridisciplinaire au Th\u00e9\u00e2tre Nouvelle G\u00e9n\u00e9ration \u00e0 Lyon nous a permis d&rsquo;avancer sur l&rsquo;\u00e9criture d&rsquo;INCIDENCES&#8230;<\/strong><\/p>\n\n\n\n<p>Les acteurs qui se sont ralli\u00e9s \u00e0 cette aventure ne sont pas QUE de magnifiques artistes, ils portent ces histoires dans leur chair avec leur d\u00e9tresse et leur force de vie. Ils sont le sang et la chair de ce spectacle.<\/p>\n\n\n\n<p><strong>En novembre 2022, un deuxi\u00e8me laboratoire, nous a permis de pr\u00e9ciser et d&rsquo;exp\u00e9rimenter la premi\u00e8re mouture du texte \u00e9crite \u00e0 la suite de notre premier Labo.<\/strong><strong><\/strong><\/p>\n\n\n\n<p><strong>Les photos d&rsquo;Albert Huyn Van Phuong et de Manon Tauzig sont issues de ces deux laboratoires.<\/strong><strong><\/strong><\/p>\n\n\n\n<p>Les com\u00e9dien.ne.s et musicien.ne.s sont en tenue de travail, quelques accessoires ou \u00e9l\u00e9ments de costumes ne sont que des outils provisoires utilis\u00e9s dans le cadre du labo. De m\u00eame, les dispositifs sc\u00e9niques visibles sur les photos ou la vid\u00e9o sont une \u00e9bauche, des tentatives, il ne sont pas la sc\u00e9nographie d\u00e9finitive.<\/p>\n\n\n\n<p>Tout le travail sur la projection d&rsquo;image ne se fera que dans l&rsquo;\u00e9tape finale.<\/p>\n\n\n\n<p><strong>Nous \u00e9tions en 2022 dans une \u00e9tape de chantier en cours et nous recherchons des partenaires qui nous permettrons d&rsquo;aboutir cette cr\u00e9ation.<\/strong><\/p>\n\n\n\n<p>Une quinzaine d&rsquo;artistes pluridisciplinaires, com\u00e9dien.ne.s, danseur.se.s, musicien.ne.s, photographe, vid\u00e9aste nous ont suivi.<\/p>\n\n\n\n<p>En fonction des partenaires qui pourront nous soutenir et des aides que nous pourrons obtenir<\/p>\n\n\n\n<p>nous pr\u00e9voyons <strong>entre 8 et 14 artistes au plateau.<\/strong><strong> <\/strong><strong>Huit \u00e9tant le minimum de la distribution, quatorze \u00e9tant l&rsquo;id\u00e9al. Aujourd&rsquo;hui le budget de cr\u00e9ation est \u00e9tabli pour 12 artistes au plateau.<\/strong><\/p>\n\n\n\n<p><strong>Nous remercions le Th\u00e9\u00e2tre Nouvelle G\u00e9n\u00e9ration pour son soutien pendant ces deux r\u00e9sidences\/ laboratoires<\/strong><strong><\/strong><\/p>\n\n\n\n<hr class=\"wp-block-separator has-text-color has-white-color has-css-opacity has-white-background-color has-background\"\/>\n\n\n\n<p class=\"has-text-align-center has-vivid-red-color has-text-color has-medium-font-size\"><strong>Pour toute demande de dossier artistique, nous contacter par mail<\/strong> : <a href=\"mailto:contact@icidedansdehors.art\">contact@icidedansdehors.art<\/a><\/p>\n\n\n\n<div class=\"wp-block-buttons is-horizontal is-content-justification-center is-layout-flex wp-container-core-buttons-layout-1 wp-block-buttons-is-layout-flex\"><\/div>\n\n\n\n<p>Edicto, Brigitte, Yacine, Nasrin, Ghaith, Mehmet, Lou, Farid&#8230;<\/p>\n\n\n\n<p>Autant de destins aux prises avec l&rsquo;Histoire. La leur. La notre.<\/p>\n\n\n\n<p>Du chili \u00e0 la France, mais aussi par l&rsquo;Alg\u00e9rie, l&rsquo;Iran, l&rsquo;Irak et la Syrie se trace l&rsquo;horizon d&rsquo;un lien,<\/p>\n\n\n\n<p>une question, pos\u00e9e \u00e0 m\u00eame cet \u00ab atlas des m\u00e9moires \u00bb, cet \u00ab atlas des oppressions partag\u00e9es \u00bb :<\/p>\n\n\n\n<p><em>Que sommes-nous actuellement sinon l&rsquo;\u00e9cho d&rsquo;un pass\u00e9 non r\u00e9solu ?<\/em><em><\/em><\/p>\n\n\n\n<p><em>Que sommes-nous sinon un avenir port\u00e9 par les silences de notre histoire collective ?<\/em><em><\/em><\/p>\n","protected":false},"excerpt":{"rendered":"<p>Cr\u00e9ation 2023 Autrice et Mise en sc\u00e8ne &#8211; Corinne Chevalier Auteur, Dramaturge, Philosophe &#8211; Pierre Fournier Coordinateur &#8211; Jorge Lorca Distribution en cours Spectacle du Dedans En juin 2022, un premier laboratoire d&rsquo;exp\u00e9rimentation et de rencontre pluridisciplinaire au Th\u00e9\u00e2tre Nouvelle G\u00e9n\u00e9ration \u00e0 Lyon nous a permis d&rsquo;avancer sur l&rsquo;\u00e9criture d&rsquo;INCIDENCES&#8230; Les acteurs qui se sont [&hellip;]<\/p>\n","protected":false},"author":1,"featured_media":0,"parent":0,"menu_order":0,"comment_status":"closed","ping_status":"closed","template":"","meta":{"ocean_post_layout":"","ocean_both_sidebars_style":"","ocean_both_sidebars_content_width":0,"ocean_both_sidebars_sidebars_width":0,"ocean_sidebar":"0","ocean_second_sidebar":"0","ocean_disable_margins":"enable","ocean_add_body_class":"","ocean_shortcode_before_top_bar":"","ocean_shortcode_after_top_bar":"","ocean_shortcode_before_header":"","ocean_shortcode_after_header":"","ocean_has_shortcode":"","ocean_shortcode_after_title":"","ocean_shortcode_before_footer_widgets":"","ocean_shortcode_after_footer_widgets":"","ocean_shortcode_before_footer_bottom":"","ocean_shortcode_after_footer_bottom":"","ocean_display_top_bar":"default","ocean_display_header":"default","ocean_header_style":"","ocean_center_header_left_menu":"0","ocean_custom_header_template":"0","ocean_custom_logo":0,"ocean_custom_retina_logo":0,"ocean_custom_logo_max_width":0,"ocean_custom_logo_tablet_max_width":0,"ocean_custom_logo_mobile_max_width":0,"ocean_custom_logo_max_height":0,"ocean_custom_logo_tablet_max_height":0,"ocean_custom_logo_mobile_max_height":0,"ocean_header_custom_menu":"0","ocean_menu_typo_font_family":"0","ocean_menu_typo_font_subset":"","ocean_menu_typo_font_size":0,"ocean_menu_typo_font_size_tablet":0,"ocean_menu_typo_font_size_mobile":0,"ocean_menu_typo_font_size_unit":"px","ocean_menu_typo_font_weight":"","ocean_menu_typo_font_weight_tablet":"","ocean_menu_typo_font_weight_mobile":"","ocean_menu_typo_transform":"","ocean_menu_typo_transform_tablet":"","ocean_menu_typo_transform_mobile":"","ocean_menu_typo_line_height":0,"ocean_menu_typo_line_height_tablet":0,"ocean_menu_typo_line_height_mobile":0,"ocean_menu_typo_line_height_unit":"","ocean_menu_typo_spacing":0,"ocean_menu_typo_spacing_tablet":0,"ocean_menu_typo_spacing_mobile":0,"ocean_menu_typo_spacing_unit":"","ocean_menu_link_color":"","ocean_menu_link_color_hover":"","ocean_menu_link_color_active":"","ocean_menu_link_background":"","ocean_menu_link_hover_background":"","ocean_menu_link_active_background":"","ocean_menu_social_links_bg":"","ocean_menu_social_hover_links_bg":"","ocean_menu_social_links_color":"","ocean_menu_social_hover_links_color":"","ocean_disable_title":"on","ocean_disable_heading":"default","ocean_post_title":"","ocean_post_subheading":"","ocean_post_title_style":"","ocean_post_title_background_color":"","ocean_post_title_background":0,"ocean_post_title_bg_image_position":"","ocean_post_title_bg_image_attachment":"","ocean_post_title_bg_image_repeat":"","ocean_post_title_bg_image_size":"","ocean_post_title_height":0,"ocean_post_title_bg_overlay":0.5,"ocean_post_title_bg_overlay_color":"","ocean_disable_breadcrumbs":"default","ocean_breadcrumbs_color":"","ocean_breadcrumbs_separator_color":"","ocean_breadcrumbs_links_color":"","ocean_breadcrumbs_links_hover_color":"","ocean_display_footer_widgets":"default","ocean_display_footer_bottom":"default","ocean_custom_footer_template":"0","footnotes":""},"yoast_head":"<!-- This site is optimized with the Yoast SEO plugin v23.5 - https:\/\/yoast.com\/wordpress\/plugins\/seo\/ -->\n<title>Incidences - ICI DEDANS DEHORS ZONE DE TURBULENCE - th\u00e9\u00e2tre indisciplin\u00e9<\/title>\n<meta name=\"robots\" content=\"index, follow, max-snippet:-1, max-image-preview:large, max-video-preview:-1\" \/>\n<link rel=\"canonical\" href=\"https:\/\/icidedansdehors.art\/index.php\/incidences\/\" \/>\n<meta property=\"og:locale\" content=\"fr_FR\" \/>\n<meta property=\"og:type\" content=\"article\" \/>\n<meta property=\"og:title\" content=\"Incidences - ICI DEDANS DEHORS ZONE DE TURBULENCE - th\u00e9\u00e2tre indisciplin\u00e9\" \/>\n<meta property=\"og:description\" content=\"Cr\u00e9ation 2023 Autrice et Mise en sc\u00e8ne &#8211; Corinne Chevalier Auteur, Dramaturge, Philosophe &#8211; Pierre Fournier Coordinateur &#8211; Jorge Lorca Distribution en cours Spectacle du Dedans En juin 2022, un premier laboratoire d&rsquo;exp\u00e9rimentation et de rencontre pluridisciplinaire au Th\u00e9\u00e2tre Nouvelle G\u00e9n\u00e9ration \u00e0 Lyon nous a permis d&rsquo;avancer sur l&rsquo;\u00e9criture d&rsquo;INCIDENCES&#8230; Les acteurs qui se sont [&hellip;]\" \/>\n<meta property=\"og:url\" content=\"https:\/\/icidedansdehors.art\/index.php\/incidences\/\" \/>\n<meta property=\"og:site_name\" content=\"ICI DEDANS DEHORS ZONE DE TURBULENCE - th\u00e9\u00e2tre indisciplin\u00e9\" \/>\n<meta property=\"article:publisher\" content=\"https:\/\/www.facebook.com\/pleins.feux.5\" \/>\n<meta property=\"article:modified_time\" content=\"2023-02-23T22:47:13+00:00\" \/>\n<meta property=\"og:image\" content=\"https:\/\/icidedansdehors.art\/wp-content\/uploads\/2022\/05\/2022-03-01-10-28-00_08....multimediaarticles2022021715521203ThameurMejriTheEyeoftheBeholder2020-1.jpg\" \/>\n<meta name=\"twitter:card\" content=\"summary_large_image\" \/>\n<meta name=\"twitter:label1\" content=\"Dur\u00e9e de lecture estim\u00e9e\" \/>\n\t<meta name=\"twitter:data1\" content=\"3 minutes\" \/>\n<script type=\"application\/ld+json\" class=\"yoast-schema-graph\">{\"@context\":\"https:\/\/schema.org\",\"@graph\":[{\"@type\":\"WebPage\",\"@id\":\"https:\/\/icidedansdehors.art\/index.php\/incidences\/\",\"url\":\"https:\/\/icidedansdehors.art\/index.php\/incidences\/\",\"name\":\"Incidences - ICI DEDANS DEHORS ZONE DE TURBULENCE - th\u00e9\u00e2tre indisciplin\u00e9\",\"isPartOf\":{\"@id\":\"https:\/\/icidedansdehors.art\/#website\"},\"primaryImageOfPage\":{\"@id\":\"https:\/\/icidedansdehors.art\/index.php\/incidences\/#primaryimage\"},\"image\":{\"@id\":\"https:\/\/icidedansdehors.art\/index.php\/incidences\/#primaryimage\"},\"thumbnailUrl\":\"https:\/\/icidedansdehors.art\/wp-content\/uploads\/2022\/05\/2022-03-01-10-28-00_08....multimediaarticles2022021715521203ThameurMejriTheEyeoftheBeholder2020-1.jpg\",\"datePublished\":\"2021-09-24T12:38:55+00:00\",\"dateModified\":\"2023-02-23T22:47:13+00:00\",\"breadcrumb\":{\"@id\":\"https:\/\/icidedansdehors.art\/index.php\/incidences\/#breadcrumb\"},\"inLanguage\":\"fr-FR\",\"potentialAction\":[{\"@type\":\"ReadAction\",\"target\":[\"https:\/\/icidedansdehors.art\/index.php\/incidences\/\"]}]},{\"@type\":\"ImageObject\",\"inLanguage\":\"fr-FR\",\"@id\":\"https:\/\/icidedansdehors.art\/index.php\/incidences\/#primaryimage\",\"url\":\"https:\/\/icidedansdehors.art\/wp-content\/uploads\/2022\/05\/2022-03-01-10-28-00_08....multimediaarticles2022021715521203ThameurMejriTheEyeoftheBeholder2020-1.jpg\",\"contentUrl\":\"https:\/\/icidedansdehors.art\/wp-content\/uploads\/2022\/05\/2022-03-01-10-28-00_08....multimediaarticles2022021715521203ThameurMejriTheEyeoftheBeholder2020-1.jpg\",\"width\":900,\"height\":675},{\"@type\":\"BreadcrumbList\",\"@id\":\"https:\/\/icidedansdehors.art\/index.php\/incidences\/#breadcrumb\",\"itemListElement\":[{\"@type\":\"ListItem\",\"position\":1,\"name\":\"Accueil\",\"item\":\"https:\/\/icidedansdehors.art\/\"},{\"@type\":\"ListItem\",\"position\":2,\"name\":\"Incidences\"}]},{\"@type\":\"WebSite\",\"@id\":\"https:\/\/icidedansdehors.art\/#website\",\"url\":\"https:\/\/icidedansdehors.art\/\",\"name\":\"ICI DEDANS DEHORS ZONE DE TURBULENCE - th\u00e9\u00e2tre indisciplin\u00e9\",\"description\":\"Compagnie de th\u00e9\u00e2tre indisciplin\u00e9e\",\"publisher\":{\"@id\":\"https:\/\/icidedansdehors.art\/#organization\"},\"potentialAction\":[{\"@type\":\"SearchAction\",\"target\":{\"@type\":\"EntryPoint\",\"urlTemplate\":\"https:\/\/icidedansdehors.art\/?s={search_term_string}\"},\"query-input\":{\"@type\":\"PropertyValueSpecification\",\"valueRequired\":true,\"valueName\":\"search_term_string\"}}],\"inLanguage\":\"fr-FR\"},{\"@type\":\"Organization\",\"@id\":\"https:\/\/icidedansdehors.art\/#organization\",\"name\":\"ICI DEDANS DEHORS ZONE DE TURBULENCE - th\u00e9\u00e2tre indisciplin\u00e9\",\"url\":\"https:\/\/icidedansdehors.art\/\",\"logo\":{\"@type\":\"ImageObject\",\"inLanguage\":\"fr-FR\",\"@id\":\"https:\/\/icidedansdehors.art\/#\/schema\/logo\/image\/\",\"url\":\"https:\/\/icidedansdehors.art\/wp-content\/uploads\/2023\/01\/cropped-Logo-IDDZT-2023-scaled-2.jpg\",\"contentUrl\":\"https:\/\/icidedansdehors.art\/wp-content\/uploads\/2023\/01\/cropped-Logo-IDDZT-2023-scaled-2.jpg\",\"width\":2219,\"height\":1478,\"caption\":\"ICI DEDANS DEHORS ZONE DE TURBULENCE - th\u00e9\u00e2tre indisciplin\u00e9\"},\"image\":{\"@id\":\"https:\/\/icidedansdehors.art\/#\/schema\/logo\/image\/\"},\"sameAs\":[\"https:\/\/www.facebook.com\/pleins.feux.5\"]}]}<\/script>\n<!-- \/ Yoast SEO plugin. -->","yoast_head_json":{"title":"Incidences - ICI DEDANS DEHORS ZONE DE TURBULENCE - th\u00e9\u00e2tre indisciplin\u00e9","robots":{"index":"index","follow":"follow","max-snippet":"max-snippet:-1","max-image-preview":"max-image-preview:large","max-video-preview":"max-video-preview:-1"},"canonical":"https:\/\/icidedansdehors.art\/index.php\/incidences\/","og_locale":"fr_FR","og_type":"article","og_title":"Incidences - ICI DEDANS DEHORS ZONE DE TURBULENCE - th\u00e9\u00e2tre indisciplin\u00e9","og_description":"Cr\u00e9ation 2023 Autrice et Mise en sc\u00e8ne &#8211; Corinne Chevalier Auteur, Dramaturge, Philosophe &#8211; Pierre Fournier Coordinateur &#8211; Jorge Lorca Distribution en cours Spectacle du Dedans En juin 2022, un premier laboratoire d&rsquo;exp\u00e9rimentation et de rencontre pluridisciplinaire au Th\u00e9\u00e2tre Nouvelle G\u00e9n\u00e9ration \u00e0 Lyon nous a permis d&rsquo;avancer sur l&rsquo;\u00e9criture d&rsquo;INCIDENCES&#8230; Les acteurs qui se sont [&hellip;]","og_url":"https:\/\/icidedansdehors.art\/index.php\/incidences\/","og_site_name":"ICI DEDANS DEHORS ZONE DE TURBULENCE - th\u00e9\u00e2tre indisciplin\u00e9","article_publisher":"https:\/\/www.facebook.com\/pleins.feux.5","article_modified_time":"2023-02-23T22:47:13+00:00","og_image":[{"url":"https:\/\/icidedansdehors.art\/wp-content\/uploads\/2022\/05\/2022-03-01-10-28-00_08....multimediaarticles2022021715521203ThameurMejriTheEyeoftheBeholder2020-1.jpg"}],"twitter_card":"summary_large_image","twitter_misc":{"Dur\u00e9e de lecture estim\u00e9e":"3 minutes"},"schema":{"@context":"https:\/\/schema.org","@graph":[{"@type":"WebPage","@id":"https:\/\/icidedansdehors.art\/index.php\/incidences\/","url":"https:\/\/icidedansdehors.art\/index.php\/incidences\/","name":"Incidences - ICI DEDANS DEHORS ZONE DE TURBULENCE - th\u00e9\u00e2tre indisciplin\u00e9","isPartOf":{"@id":"https:\/\/icidedansdehors.art\/#website"},"primaryImageOfPage":{"@id":"https:\/\/icidedansdehors.art\/index.php\/incidences\/#primaryimage"},"image":{"@id":"https:\/\/icidedansdehors.art\/index.php\/incidences\/#primaryimage"},"thumbnailUrl":"https:\/\/icidedansdehors.art\/wp-content\/uploads\/2022\/05\/2022-03-01-10-28-00_08....multimediaarticles2022021715521203ThameurMejriTheEyeoftheBeholder2020-1.jpg","datePublished":"2021-09-24T12:38:55+00:00","dateModified":"2023-02-23T22:47:13+00:00","breadcrumb":{"@id":"https:\/\/icidedansdehors.art\/index.php\/incidences\/#breadcrumb"},"inLanguage":"fr-FR","potentialAction":[{"@type":"ReadAction","target":["https:\/\/icidedansdehors.art\/index.php\/incidences\/"]}]},{"@type":"ImageObject","inLanguage":"fr-FR","@id":"https:\/\/icidedansdehors.art\/index.php\/incidences\/#primaryimage","url":"https:\/\/icidedansdehors.art\/wp-content\/uploads\/2022\/05\/2022-03-01-10-28-00_08....multimediaarticles2022021715521203ThameurMejriTheEyeoftheBeholder2020-1.jpg","contentUrl":"https:\/\/icidedansdehors.art\/wp-content\/uploads\/2022\/05\/2022-03-01-10-28-00_08....multimediaarticles2022021715521203ThameurMejriTheEyeoftheBeholder2020-1.jpg","width":900,"height":675},{"@type":"BreadcrumbList","@id":"https:\/\/icidedansdehors.art\/index.php\/incidences\/#breadcrumb","itemListElement":[{"@type":"ListItem","position":1,"name":"Accueil","item":"https:\/\/icidedansdehors.art\/"},{"@type":"ListItem","position":2,"name":"Incidences"}]},{"@type":"WebSite","@id":"https:\/\/icidedansdehors.art\/#website","url":"https:\/\/icidedansdehors.art\/","name":"ICI DEDANS DEHORS ZONE DE TURBULENCE - th\u00e9\u00e2tre indisciplin\u00e9","description":"Compagnie de th\u00e9\u00e2tre indisciplin\u00e9e","publisher":{"@id":"https:\/\/icidedansdehors.art\/#organization"},"potentialAction":[{"@type":"SearchAction","target":{"@type":"EntryPoint","urlTemplate":"https:\/\/icidedansdehors.art\/?s={search_term_string}"},"query-input":{"@type":"PropertyValueSpecification","valueRequired":true,"valueName":"search_term_string"}}],"inLanguage":"fr-FR"},{"@type":"Organization","@id":"https:\/\/icidedansdehors.art\/#organization","name":"ICI DEDANS DEHORS ZONE DE TURBULENCE - th\u00e9\u00e2tre indisciplin\u00e9","url":"https:\/\/icidedansdehors.art\/","logo":{"@type":"ImageObject","inLanguage":"fr-FR","@id":"https:\/\/icidedansdehors.art\/#\/schema\/logo\/image\/","url":"https:\/\/icidedansdehors.art\/wp-content\/uploads\/2023\/01\/cropped-Logo-IDDZT-2023-scaled-2.jpg","contentUrl":"https:\/\/icidedansdehors.art\/wp-content\/uploads\/2023\/01\/cropped-Logo-IDDZT-2023-scaled-2.jpg","width":2219,"height":1478,"caption":"ICI DEDANS DEHORS ZONE DE TURBULENCE - th\u00e9\u00e2tre indisciplin\u00e9"},"image":{"@id":"https:\/\/icidedansdehors.art\/#\/schema\/logo\/image\/"},"sameAs":["https:\/\/www.facebook.com\/pleins.feux.5"]}]}},"_links":{"self":[{"href":"https:\/\/icidedansdehors.art\/index.php\/wp-json\/wp\/v2\/pages\/156"}],"collection":[{"href":"https:\/\/icidedansdehors.art\/index.php\/wp-json\/wp\/v2\/pages"}],"about":[{"href":"https:\/\/icidedansdehors.art\/index.php\/wp-json\/wp\/v2\/types\/page"}],"author":[{"embeddable":true,"href":"https:\/\/icidedansdehors.art\/index.php\/wp-json\/wp\/v2\/users\/1"}],"replies":[{"embeddable":true,"href":"https:\/\/icidedansdehors.art\/index.php\/wp-json\/wp\/v2\/comments?post=156"}],"version-history":[{"count":29,"href":"https:\/\/icidedansdehors.art\/index.php\/wp-json\/wp\/v2\/pages\/156\/revisions"}],"predecessor-version":[{"id":1641,"href":"https:\/\/icidedansdehors.art\/index.php\/wp-json\/wp\/v2\/pages\/156\/revisions\/1641"}],"wp:attachment":[{"href":"https:\/\/icidedansdehors.art\/index.php\/wp-json\/wp\/v2\/media?parent=156"}],"curies":[{"name":"wp","href":"https:\/\/api.w.org\/{rel}","templated":true}]}}